{"id":41,"date":"2019-05-07T18:26:22","date_gmt":"2019-05-07T18:26:22","guid":{"rendered":"http:\/\/s781847655.onlinehome.fr\/?page_id=41"},"modified":"2024-02-26T18:48:04","modified_gmt":"2024-02-26T18:48:04","slug":"en-pratique","status":"publish","type":"page","link":"https:\/\/lamainheureuse.fr\/?page_id=41","title":{"rendered":"En pratique"},"content":{"rendered":"\n<figure class=\"wp-block-image\"><img loading=\"lazy\" decoding=\"async\" width=\"1024\" height=\"457\" src=\"https:\/\/lamainheureuse.fr\/wp-content\/uploads\/2019\/05\/mouette_base-1024x457.jpg\" alt=\"\" class=\"wp-image-195\" srcset=\"https:\/\/lamainheureuse.fr\/wp-content\/uploads\/2019\/05\/mouette_base-1024x457.jpg 1024w, https:\/\/lamainheureuse.fr\/wp-content\/uploads\/2019\/05\/mouette_base-300x134.jpg 300w, https:\/\/lamainheureuse.fr\/wp-content\/uploads\/2019\/05\/mouette_base-768x342.jpg 768w, https:\/\/lamainheureuse.fr\/wp-content\/uploads\/2019\/05\/mouette_base.jpg 1200w\" sizes=\"(max-width: 706px) 89vw, (max-width: 767px) 82vw, 740px\" \/><\/figure>\n\n\n\n<p>Je me\nd\u00e9place en \u00e9tablissements de soin, en entreprise et \u00e0 domicile. \n<\/p>\n\n\n\n<h4 class=\"wp-block-heading\">Tarifs<\/h4>\n\n\n\n<ul>\n<li>65-75 \u20ac par heure. N\u2019h\u00e9sitez pas \u00e0 me contacter pour envisager un projet au plus pr\u00e8s de vos attentes. Pour l\u2019entreprise, j\u2019interviens \u00e0 la demi-journ\u00e9e (minimum 3h).<\/li>\n<\/ul>\n\n\n\n<ul>\n<li>Forfaits possibles pour une prestation \u00e0 la journ\u00e9e.<\/li>\n<\/ul>\n\n\n\n<ul>\n<li>TVA non applicable, art. 293B du CGI<\/li>\n<\/ul>\n\n\n\n<h4 class=\"wp-block-heading\">Contact<\/h4>\n\n\n\n<figure class=\"wp-block-image is-resized\"><img loading=\"lazy\" decoding=\"async\" width=\"1024\" height=\"334\" src=\"https:\/\/lamainheureuse.fr\/wp-content\/uploads\/2019\/06\/logo-texte-horizontal-1024x334.png\" alt=\"\" class=\"wp-image-243\" style=\"width:274px;height:89px\" srcset=\"https:\/\/lamainheureuse.fr\/wp-content\/uploads\/2019\/06\/logo-texte-horizontal-1024x334.png 1024w, https:\/\/lamainheureuse.fr\/wp-content\/uploads\/2019\/06\/logo-texte-horizontal-300x98.png 300w, https:\/\/lamainheureuse.fr\/wp-content\/uploads\/2019\/06\/logo-texte-horizontal-768x251.png 768w, https:\/\/lamainheureuse.fr\/wp-content\/uploads\/2019\/06\/logo-texte-horizontal.png 1992w\" sizes=\"(max-width: 706px) 89vw, (max-width: 767px) 82vw, 740px\" \/><\/figure>\n\n\n\n<p><strong>V\u00e9ronique P\u00e9ron<\/strong><br>210 rue Championnet<br>75018 Paris<br>T\u00e9l. : 06 51 42 70 01<\/p>\n\n\n\n<p><a href=\"mailto:vperon@lamainheureuse.fr\">vperon@lamainheureuse.fr<\/a><\/p>\n\n\n\n<p>n\u00b0 Siret&nbsp;:\n841 780 059 00017<\/p>\n\n\n\n<h4 class=\"wp-block-heading\">Mentions importantes<\/h4>\n\n\n\n<p>Mes prestations s\u2019inscrivent dans un registre de bien-\u00eatre. Elles ne s\u2019apparentent en aucune mani\u00e8re \u00e0 une pratique m\u00e9dicale ou relevant de la kin\u00e9sith\u00e9rapie d\u00e9crite dans l\u2019article R4321-1 du code de la Sant\u00e9 publique. Elles excluent toute gestuelle \u00e0 caract\u00e8re sexuel et s&#8217;effectuent dans le plus grand respect de la personne.<\/p>\n\n\n\n<h4 class=\"wp-block-heading\">Politique de confidentialit\u00e9<\/h4>\n\n\n\n<p>La\nnouvelle loi europ\u00e9enne RGPD &nbsp;(r\u00e8glement g\u00e9n\u00e9ral sur la\nprotection des donn\u00e9es, entr\u00e9e en vigueur le 25 mai 2018) tend \u00e0\nencadrer et s\u00e9curiser plus strictement vos informations et \u00e0 vous\nassurer une meilleure protection lors de leur utilisation.<\/p>\n\n\n\n<p>Les\ndonn\u00e9es collect\u00e9es (nom, pr\u00e9nom, num\u00e9ro de t\u00e9l\u00e9phone et\nl&#8217;adresse mail pour le suivi), ne sont ni \u00e9chang\u00e9es, ni transf\u00e9r\u00e9es\nou c\u00e9d\u00e9es \u00e0 des tiers, ainsi qu&#8217;aucune information personnelle.\nSur\nsimple demande, je supprimerai vos informations personnelles dans ma\nliste de contacts.<\/p>\n","protected":false},"excerpt":{"rendered":"<p>Je me d\u00e9place en \u00e9tablissements de soin, en entreprise et \u00e0 domicile. Tarifs Contact V\u00e9ronique P\u00e9ron210 rue Championnet75018 ParisT\u00e9l. : 06 51 42 70 01 vperon@lamainheureuse.fr n\u00b0 Siret&nbsp;: 841 780 059 00017 Mentions importantes Mes prestations s\u2019inscrivent dans un registre de bien-\u00eatre. Elles ne s\u2019apparentent en aucune mani\u00e8re \u00e0 une pratique m\u00e9dicale ou relevant de &hellip; <\/p>\n<p class=\"link-more\"><a href=\"https:\/\/lamainheureuse.fr\/?page_id=41\" class=\"more-link\">Continue reading<span class=\"screen-reader-text\"> &#8220;En pratique&#8221;<\/span><\/a><\/p>\n","protected":false},"author":1,"featured_media":0,"parent":0,"menu_order":0,"comment_status":"closed","ping_status":"closed","template":"","meta":{"footnotes":""},"_links":{"self":[{"href":"https:\/\/lamainheureuse.fr\/index.php?rest_route=\/wp\/v2\/pages\/41"}],"collection":[{"href":"https:\/\/lamainheureuse.fr\/index.php?rest_route=\/wp\/v2\/pages"}],"about":[{"href":"https:\/\/lamainheureuse.fr\/index.php?rest_route=\/wp\/v2\/types\/page"}],"author":[{"embeddable":true,"href":"https:\/\/lamainheureuse.fr\/index.php?rest_route=\/wp\/v2\/users\/1"}],"replies":[{"embeddable":true,"href":"https:\/\/lamainheureuse.fr\/index.php?rest_route=%2Fwp%2Fv2%2Fcomments&post=41"}],"version-history":[{"count":20,"href":"https:\/\/lamainheureuse.fr\/index.php?rest_route=\/wp\/v2\/pages\/41\/revisions"}],"predecessor-version":[{"id":347,"href":"https:\/\/lamainheureuse.fr\/index.php?rest_route=\/wp\/v2\/pages\/41\/revisions\/347"}],"wp:attachment":[{"href":"https:\/\/lamainheureuse.fr\/index.php?rest_route=%2Fwp%2Fv2%2Fmedia&parent=41"}],"curies":[{"name":"wp","href":"https:\/\/api.w.org\/{rel}","templated":true}]}}