{"id":8,"date":"2019-05-07T18:22:48","date_gmt":"2019-05-07T18:22:48","guid":{"rendered":"http:\/\/s781847655.onlinehome.fr\/?page_id=8"},"modified":"2026-02-15T11:50:46","modified_gmt":"2026-02-15T11:50:46","slug":"home","status":"publish","type":"page","link":"https:\/\/lamainheureuse.fr\/","title":{"rendered":""},"content":{"rendered":"<p><strong>La Main heureuse <\/strong>est n\u00e9e de mon envie de prendre soin des autres. <br \/>Je suis all\u00e9e naturellement l\u00e0 o\u00f9 le besoin de bien-\u00eatre est le plus \u00e9vident : dans les \u00e9tablissements de sant\u00e9.<\/p>\n<p>Le monde du soin, c\u2019est une montagne \u00e0 deux versants ins\u00e9parables\u00a0: <br \/>il y a des patients et il y a des soignants. Les uns et les autres <br \/>ont besoin de moments simplement d\u00e9di\u00e9s \u00e0 leur bien-\u00eatre : <br \/>les patients pour exister hors de la maladie et du soin somatique, <br \/>les soignants pour exercer leur difficile m\u00e9tier plus sereinement.<\/p>\n<p>J\u2019interviens aussi au sein des entreprises soucieuses du bien-\u00eatre <br \/>de leurs salari\u00e9s fragilis\u00e9s par le stress.<\/p>\n<p>R\u00e9flexologie plantaire, massage bien-\u00eatre, toucher-massage\u00ae <br \/>et aromath\u00e9rapie sont les outils que j\u2019utilise, ind\u00e9pendamment ou en association pour proposer des parenth\u00e8ses de bien-\u00eatre adapt\u00e9es \u00e0 chaque personne.<\/p>\n\n\n<hr class=\"wp-block-separator has-alpha-channel-opacity\"\/>\n\n\n\n<p>Merci pour votre confiance  <\/p>\n\n\n\n<div class=\"wp-block-columns is-layout-flex wp-container-core-columns-is-layout-1 wp-block-columns-is-layout-flex\">\n<div class=\"wp-block-column is-vertically-aligned-center is-layout-flow wp-block-column-is-layout-flow\" style=\"flex-basis:16.67%\">\n<figure class=\"wp-block-image size-full is-resized\"><img loading=\"lazy\" decoding=\"async\" width=\"100\" height=\"100\" src=\"https:\/\/lamainheureuse.fr\/wp-content\/uploads\/2024\/02\/logo-APHP.jpeg\" alt=\"\" class=\"wp-image-317\" style=\"aspect-ratio:1;width:86px;height:auto\"\/><\/figure>\n<\/div>\n\n\n\n<div class=\"wp-block-column is-vertically-aligned-center is-layout-flow wp-block-column-is-layout-flow\" style=\"flex-basis:16.67%\">\n<figure class=\"wp-block-image size-full is-resized\"><img loading=\"lazy\" decoding=\"async\" width=\"99\" height=\"75\" src=\"https:\/\/lamainheureuse.fr\/wp-content\/uploads\/2026\/02\/image001.jpg\" alt=\"\" class=\"wp-image-360\" style=\"aspect-ratio:1;width:86px;height:auto\"\/><\/figure>\n<\/div>\n\n\n\n<div class=\"wp-block-column is-vertically-aligned-center is-layout-flow wp-block-column-is-layout-flow\" style=\"flex-basis:16.67%\">\n<figure class=\"wp-block-image size-full is-resized\"><img loading=\"lazy\" decoding=\"async\" width=\"225\" height=\"225\" src=\"https:\/\/lamainheureuse.fr\/wp-content\/uploads\/2024\/02\/DomusVI.jpeg\" alt=\"\" class=\"wp-image-319\" style=\"width:86px\" srcset=\"https:\/\/lamainheureuse.fr\/wp-content\/uploads\/2024\/02\/DomusVI.jpeg 225w, https:\/\/lamainheureuse.fr\/wp-content\/uploads\/2024\/02\/DomusVI-150x150.jpeg 150w, https:\/\/lamainheureuse.fr\/wp-content\/uploads\/2024\/02\/DomusVI-100x100.jpeg 100w\" sizes=\"(max-width: 225px) 100vw, 225px\" \/><\/figure>\n<\/div>\n\n\n\n<div class=\"wp-block-column is-vertically-aligned-center is-layout-flow wp-block-column-is-layout-flow\" style=\"flex-basis:16.67%\">\n<figure class=\"wp-block-image size-full is-resized\"><img loading=\"lazy\" decoding=\"async\" width=\"900\" height=\"682\" src=\"https:\/\/lamainheureuse.fr\/wp-content\/uploads\/2024\/02\/logo-Biografy.jpeg\" alt=\"\" class=\"wp-image-320\" style=\"width:86px\" srcset=\"https:\/\/lamainheureuse.fr\/wp-content\/uploads\/2024\/02\/logo-Biografy.jpeg 900w, https:\/\/lamainheureuse.fr\/wp-content\/uploads\/2024\/02\/logo-Biografy-300x227.jpeg 300w, https:\/\/lamainheureuse.fr\/wp-content\/uploads\/2024\/02\/logo-Biografy-768x582.jpeg 768w\" sizes=\"(max-width: 706px) 89vw, (max-width: 767px) 82vw, 740px\" \/><\/figure>\n<\/div>\n\n\n\n<div class=\"wp-block-column is-vertically-aligned-center is-layout-flow wp-block-column-is-layout-flow\" style=\"flex-basis:16.67%\">\n<figure class=\"wp-block-image size-full is-resized\"><img loading=\"lazy\" decoding=\"async\" width=\"800\" height=\"800\" src=\"https:\/\/lamainheureuse.fr\/wp-content\/uploads\/2024\/02\/logo-tbwa.jpg\" alt=\"\" class=\"wp-image-321\" style=\"width:86px\" srcset=\"https:\/\/lamainheureuse.fr\/wp-content\/uploads\/2024\/02\/logo-tbwa.jpg 800w, https:\/\/lamainheureuse.fr\/wp-content\/uploads\/2024\/02\/logo-tbwa-300x300.jpg 300w, https:\/\/lamainheureuse.fr\/wp-content\/uploads\/2024\/02\/logo-tbwa-150x150.jpg 150w, https:\/\/lamainheureuse.fr\/wp-content\/uploads\/2024\/02\/logo-tbwa-768x768.jpg 768w, https:\/\/lamainheureuse.fr\/wp-content\/uploads\/2024\/02\/logo-tbwa-100x100.jpg 100w\" sizes=\"(max-width: 706px) 89vw, (max-width: 767px) 82vw, 740px\" \/><\/figure>\n<\/div>\n\n\n\n<div class=\"wp-block-column is-vertically-aligned-center is-layout-flow wp-block-column-is-layout-flow\" style=\"flex-basis:16.67%\">\n<figure class=\"wp-block-image size-full is-resized\"><img loading=\"lazy\" decoding=\"async\" width=\"480\" height=\"268\" src=\"https:\/\/lamainheureuse.fr\/wp-content\/uploads\/2024\/02\/logo_bbdo.jpg\" alt=\"\" class=\"wp-image-331\" style=\"aspect-ratio:1.791044776119403;object-fit:cover;width:86px\" srcset=\"https:\/\/lamainheureuse.fr\/wp-content\/uploads\/2024\/02\/logo_bbdo.jpg 480w, https:\/\/lamainheureuse.fr\/wp-content\/uploads\/2024\/02\/logo_bbdo-300x168.jpg 300w\" sizes=\"(max-width: 480px) 100vw, 480px\" \/><\/figure>\n<\/div>\n<\/div>\n\n\n\n<p><\/p>\n","protected":false},"excerpt":{"rendered":"<p>La Main heureuse est n\u00e9e de mon envie de prendre soin des autres. Je suis all\u00e9e naturellement l\u00e0 o\u00f9 le besoin de bien-\u00eatre est le plus \u00e9vident : dans les \u00e9tablissements de sant\u00e9. Le monde du soin, c\u2019est une montagne \u00e0 deux versants ins\u00e9parables\u00a0: il y a des patients et il y a des soignants. &hellip; <\/p>\n<p class=\"link-more\"><a href=\"https:\/\/lamainheureuse.fr\/\" class=\"more-link\">Continue reading<span class=\"screen-reader-text\"> &#8220;&#8221;<\/span><\/a><\/p>\n","protected":false},"author":1,"featured_media":0,"parent":0,"menu_order":0,"comment_status":"closed","ping_status":"closed","template":"","meta":{"footnotes":""},"_links":{"self":[{"href":"https:\/\/lamainheureuse.fr\/index.php?rest_route=\/wp\/v2\/pages\/8"}],"collection":[{"href":"https:\/\/lamainheureuse.fr\/index.php?rest_route=\/wp\/v2\/pages"}],"about":[{"href":"https:\/\/lamainheureuse.fr\/index.php?rest_route=\/wp\/v2\/types\/page"}],"author":[{"embeddable":true,"href":"https:\/\/lamainheureuse.fr\/index.php?rest_route=\/wp\/v2\/users\/1"}],"replies":[{"embeddable":true,"href":"https:\/\/lamainheureuse.fr\/index.php?rest_route=%2Fwp%2Fv2%2Fcomments&post=8"}],"version-history":[{"count":34,"href":"https:\/\/lamainheureuse.fr\/index.php?rest_route=\/wp\/v2\/pages\/8\/revisions"}],"predecessor-version":[{"id":366,"href":"https:\/\/lamainheureuse.fr\/index.php?rest_route=\/wp\/v2\/pages\/8\/revisions\/366"}],"wp:attachment":[{"href":"https:\/\/lamainheureuse.fr\/index.php?rest_route=%2Fwp%2Fv2%2Fmedia&parent=8"}],"curies":[{"name":"wp","href":"https:\/\/api.w.org\/{rel}","templated":true}]}}